 = l**3 + 40*l**2 + 76*l + 62. What is g(-38)?
62
Let c(w) = 12809*w + 89673. What is c(-7)?
10
Let r(m) = m**3 - 43*m**2 + 177*m + 18. Determine r(38).
-476
Let m(i) = i**2 - 1800*i + 12553. Calculate m(7).
2
Let h(d) = 77*d - 2081. What is h(29)?
152
Let u(y) = -89*y + 704. Determine u(11).
-275
Let s(m) = -129*m - 629. Give s(-5).
16
Let a(x) = -x**3 + 36*x**2 + 170*x - 386. Calculate a(40).
14
Let s(j) = -j**2 + 7*j + 105. Calculate s(24).
-303
Let j(m) = -76*m**2 - 4*m - 1. What is j(1)?
-81
Let x(j) = -j**3 + 2*j**2 - 42*j + 214. What is x(5)?
-71
Let h(d) = -133*d - 217. What is h(1)?
-350
Let p(z) = 705*z + 4907. Give p(-7).
-28
Let z(s) = -289*s + 2600. Determine z(8).
288
Let r(d) = -d**2 + 17*d - 67. Determine r(12).
-7
Let j(v) = v**3 + 19*v**2 + 91*v + 316. Calculate j(-14).
22
Let b(v) = 141*v + 288. Determine b(-2).
6
Let w(f) = -f**3 - 12*f**2 + 35*f + 55. Determine w(-15).
205
Let k(a) = a**3 + 6*a**2 - 15*a - 67. Calculate k(-8).
-75
Let d(z) = z**3 - 7*z**2 + 2*z - 5. Calculate d(8).
75
Let p(i) = -2*i**3 - 34*i**2 + 6*i + 30. Determine p(-17).
-72
Let i(g) = g**3 - 31*g**2 - 63*g - 103. Calculate i(33).
-4
Let x(k) = 3*k**2 - 46*k + 207. Determine x(15).
192
Let a(z) = -3*z**3 - 11*z - 22. Determine a(-2).
24
Let i(g) = 17*g - 44. Give i(-10).
-214
Let j(g) = -2*g**3 + 25*g**2 - 497*g + 5832. Give j(12).
12
Let w(s) = -s**2 - 54*s + 6178. What is w(-110)?
18
Let z(i) = 2*i**3 - 77*i**2 - 34*i - 114. What is z(39)?
81
Let n(o) = 49*o + 6412. Determine n(-131).
-7
Let i(r) = -r**3 + 26*r**2 - 61*r - 111. What is i(23)?
73
Let u(p) = -p**2 - 105*p + 3091. Calculate u(-129).
-5
Let j(o) = 91*o + 1166. Give j(-12).
74
Let x(n) = 187*n + 330. Calculate x(-4).
-418
Let c(o) = -184*o + 1483. Calculate c(8).
11
Let r(a) = a**2 - 88*a + 1363. Calculate r(19).
52
Let i(d) = -d**2 - 91*d - 450. Determine i(-5).
-20
Let u(g) = -121*g**3 + 2*g**2 - 2*g. What is u(1)?
-121
Let w(h) = -248*h + 2237. Give w(9).
5
Let s(d) = -11*d + 156. Determine s(16).
-20
Let v(y) = 3*y**3 + y**2 - 2*y - 33. Calculate v(0).
-33
Let f(k) = -k**2 + 211*k + 634. Determine f(-3).
-8
Let h(m) = -3*m**2 + 115*m + 333. Calculate h(40).
133
Let x(v) = -328*v + 3882. Calculate x(12).
-54
Let s(z) = z**2 + 37*z + 266. Determine s(-9).
14
Let p(w) = 3*w**3 - 15*w**2 + 11*w - 10. Calculate p(4).
-14
Let s(h) = -h**2 + 21*h + 62. Calculate s(26).
-68
Let c(q) = -21*q**2 - 90*q - 3. Determine c(-5).
-78
Let l(x) = -3*x**3 + 40*x - 79. Calculate l(2).
-23
Let z(v) = v**3 - 9*v**2 - 13*v + 68. Give z(10).
38
Let a(l) = 19*l**2 - 21*l + 55. Calculate a(2).
89
Let q(a) = -14453*a + 57809. Determine q(4).
-3
Let x(q) = -3*q**2 + 3*q + 13. Calculate x(4).
-23
Let g(y) = 3*y + 496. What is g(-164)?
4
Let w(p) = -35*p**2 - 6*p - 6. Calculate w(-2).
-134
Let j(l) = -62*l**2 + 27*l + 26. What is j(-1)?
-63
Let x(w) = 10*w**2 - 1812*w - 3285. What is x(183)?
9
Let t(j) = 53*j - 21. Give t(2).
85
Let i(y) = -y**3 + 23*y**2 - 46*y + 1677. What is i(24)?
-3
Let b(i) = i**3 - 209*i**2 + 288*i - 16627. Determine b(208).
13
Let j(p) = p**3 + 10*p**2 + 24*p + 35. Calculate j(-5).
40
Let f(j) = -j**3 - 42*j**2 - 210*j + 26. Calculate f(-6).
-10
Let u(x) = -24*x**3 + 2*x**2 + 6*x - 38. What is u(2)?
-210
Let w(y) = -6*y - 245. Calculate w(-29).
-71
Let h(p) = -2*p**2 + 8231*p + 24704. Calculate h(-3).
-7
Let s(d) = -d**2 + 289*d + 886. Calculate s(292).
10
Let p(c) = -25*c**3 - c**2 + 57*c + 115. Determine p(-2).
197
Let f(s) = s**3 - 4*s**2 - 317*s + 48. What is f(-16)?
0
Let q(j) = j**2 + 8*j - 3465. Give q(-63).
0
Let i(x) = -x**2 + 53*x - 68. Determine i(0).
-68
Let n(q) = -q**3 + q**2 + 16*q - 10. What is n(3)?
20
Let d(p) = -2*p**2 + 8*p + 18. Determine d(-5).
-72
Let y(a) = 40*a - 138. Determine y(4).
22
Let l(q) = -7*q - 82. What is l(0)?
-82
Let y(d) = -3*d**3 - 643*d**2 - 215*d - 192. Give y(-214).
22
Let m(k) = -46*k**2 - 65*k + 1. Give m(-4).
-475
Let p(s) = s**3 - 94*s**2 + 263*s + 925. What is p(91)?
15
Let d(i) = 73*i + 1514. Give d(-21).
-19
Let k(b) = b**2 - 3261*b + 8. Give k(0).
8
Let h(u) = -u**2 - 62*u - 956. Calculate h(-42).
-116
Let r(p) = -16*p**2 + 250*p + 38. What is r(17)?
-336
Let v(x) = 345*x + 8226. Determine v(-24).
-54
Let l(y) = -2*y**3 + 38*y**2 - 68*y + 37. Calculate l(17).
37
Let f(o) = 728*o - 26946. Calculate f(37).
-10
Let o(a) = -11*a + 95. What is o(9)?
-4
Let a(f) = f**3 - 37*f**2 + 117*f - 502. What is a(34)?
8
Let z(w) = -3*w**2 + 55*w + 177. What is z(21)?
9
Let a(l) = -2*l**3 - 22*l**2 - 20. Give a(-11).
-20
Let w(i) = 2*i**2 + 30*i - 297. Calculate w(8).
71
Let t(b) = b**2 - 178*b + 1020. What is t(6)?
-12
Let o(r) = 692*r - 50504. Give o(73).
12
Let j(v) = -8*v**2 - 72*v + 177. What is j(2)?
1
Let a(i) = -i**3 - 111*i**2 - 116*i - 655. Calculate a(-110).
5
Let x(o) = -o**3 + 14*o**2 + 38*o + 38. Give x(16).
134
Let o(c) = c**3 + 15*c**2 + 11*c - 28. Determine o(-13).
167
Let r(j) = 11*j - 606. What is r(46)?
-100
Let s(z) = -2*z**2 - 21*z - 153. Calculate s(-6).
-99
Let h(d) = -3*d**3 - 100*d**2 - 33*d - 5. Give h(-33).
-5
Let u(k) = -k**2 + 4*k + 29. Give u(-14).
-223
Let k(g) = g**3 + 2*g**2 + 5*g - 16. Give k(2).
10
Let y(u) = 180*u**3 + 2*u**2 - u - 2. Calculate y(-1).
-179
Let v(o) = -6*o**2 + 10*o + 16. Determine v(4).
-40
Let z(j) = -2*j**3 + 15*j**2 + 54*j - 250. What is z(9)?
-7
Let l(v) = v**3 - 170*v**2 - 1218*v - 3723. Calculate l(177).
-6
Let v(r) = -88*r + 15673. Give v(178).
9
Let t(r) = r**2 - 138*r - 863. Determine t(-6).
1
Let p(y) = -y**2 - 11*y + 128. Calculate p(17).
-348
Let z(c) = c**2 + 27*c - 95. What is z(25)?
1205
Let v(y) = -31*y + 900. Calculate v(29).
1
Let b(y) = y**3 - 226*y**2 - 3870*y - 481. Give b(242).
3
Let p(d) = -41*d - 1117. Calculate p(-27).
-10
Let h(c) = 2*c**2 + 196*c - 4177. Calculate h(-116).
-1
Let m(q) = -179*q + 719. Determine m(9).
-892
Let h(t) = 4375*t - 26255. Calculate h(6).
-5
Let r(c) = -c**2 + 54*c - 472. Determine r(11).
1
Let a(i) = -i**3 - 31*i**2 + 529*i + 555. What is a(-43)?
-4
Let f(m) = -2*m**3 - 9*m**2 - 16*m - 18. Give f(-5).
87
Let s(z) = -2*z**2 + 25*z - 42. What is s(2)?
0
Let z(b) = 2696*b - 29656. What is z(11)?
0
Let n(c) = -c**2 - 61*c - 796. Calculate n(-19).
2
Let m(d) = d**2 - 29*d - 1286. Determine m(53).
-14
Let t(b) = b**3 - b**2 + 5*b - 23. Determine t(5).
102
Let f(i) = -2*i**2 - 44*i + 84. Determine f(2).
-12
Let l(a) = -262*a - 33536. Calculate l(-128).
0
Let p(t) = -28*t - 153. Give p(-5).
-13
Let f(l) = 1372*l - 8224. Calculate f(6).
8
Let z(k) = k**3 + 9*k**2 + 40*k + 122. Give z(-5).
22
Let a(g) = -2*g**3 + 52*g**2 + 52*g - 55. Determine a(27).
-109
Let u(b) = -19*b - 134. What is u(-3)?
-77
Let c(m) = -844*m - 847. Determine c(-1).
-3
Let n(h) = -136*h - 802. What is n(-7)?
150
Let j(u) = u**2 - 91*u + 1420. Calculate j(71).
0
Let c(q) = -3*q**2 + 16*q - 26. Give c(5).
-21
Let z(a) = -a**3 - 27*a**2 - 6*a - 151. Determine z(-27).
11
Let g(a) = -a**2 - 112*a - 3155. Calculate g(-53).
-28
Let q(z) = z**2 - 902*z + 19358. Give q(22).
-2
Let y(k) = -7*k**2 - 16*k + 34. Give y(-5).
-61
Let y(d) = d**2 + 95*d - 1151. Calculate y(11).
15
Let d(u) = 37*u**2 + 27*u - 5. Calculate d(-2).
89
Let f(t) = -7852*t - 7845. What is f(-1)?
7
Let k(i) = -i**3 - 11*i**2 - 12*i + 34. Determine k(-6).
-74
Let r(m) = 22*m - 800. Calculate r(36).
-8
Let b(u) = 22*u**3 + u**2 + 13*u + 11. Give b(-2).
-187
Let s(q) = 28*q - 60. Give s(-2).
-116
Let b(r) = -r**3 - 12*r**2 - 23*r - 5. What is b(-9)?
-41
Let i(s) = 9*s**2 - 15*s - 44. Give i(-5).
256
Let m(f) = 6*f**3 + 45*f**2 + 20*f - 14. What is m(-7)?
-7
Let l(w) = 74*w - 1234. Determine l(16).
-50
Let s(z) = z**3 - 11*z**2 + 11*z - 288. Calculate s(12).
-12
Let m(z) = 14*z - 19. What is m(15)?
191
Let i(s) = 152*s**2 - 3190*s - 30. Determine i(21).
12
Let q(w) = w**2 + 551*w + 14728. Give q(-28).
84
Let j(f) = 15*f + 707. Give j(-50).
-43
Let c(z) = z**3 - 16*z**2 + 18*z - 38. Give c(15).
7
Let s(f) = -f**3 + 2*f**2 + 44*f - 9. Give s(-6).
15
Let x(z) = -z**2 + 146*z - 2087. Calculate x(130).
-7
Let b(g) = g**2 + 24*g - 699. What is b(17)?
-2
Let k(t) = 6*t**2 - 27*t + 10. Determine k(4).
-2
Let c(d) = d**3 - 14*d**2 + 15*d + 115. Determine c(12).
7
Let n(a) = -22*a - 17. Calculate n(-3).
49
Let i(b) = -4*b**2 - 268*b + 8